{"id":873,"date":"2019-08-14T13:21:50","date_gmt":"2019-08-14T11:21:50","guid":{"rendered":"http:\/\/gt-couvertures.com\/?page_id=873"},"modified":"2023-07-18T09:17:42","modified_gmt":"2023-07-18T07:17:42","slug":"lentreprise","status":"publish","type":"page","link":"https:\/\/gt-couvertures.com\/index.php\/lentreprise\/","title":{"rendered":"L&rsquo;entreprise"},"content":{"rendered":"<div id=\"pl-873\"  class=\"panel-layout\" ><div id=\"pg-873-0\"  class=\"panel-grid panel-no-style\" ><div id=\"pgc-873-0-0\"  class=\"panel-grid-cell\" ><div id=\"panel-873-0-0-0\" class=\"so-panel widget widget_sow-editor panel-first-child panel-last-child\" data-index=\"0\" ><div class=\"so-widget-sow-editor so-widget-sow-editor-base\">\n<div class=\"siteorigin-widget-tinymce textwidget\">\n\t<p>Les <strong>couvreurs<\/strong> sont parfaitement \u00e0 l'aise avec les mat\u00e9riaux tels que l<strong>'ardoise<\/strong>, les <strong>tuiles<\/strong>, le<strong> zinc<\/strong>, les<strong> t\u00f4les<\/strong>,...<\/p>\n<p>D'autre part, les <strong>zingueurs<\/strong> g\u00e8rent la pose de ch\u00e9neaux et le raccordement des \u00e9l\u00e9ments de la toiture. Ils ma\u00eetrisent les proc\u00e9d\u00e9s de fixation, de pliage et de soudure.<\/p>\n<p>Les bardeurs, quand \u00e0 eux, montent et d\u00e9montent les \u00e9chafaudages. Enfin, ils interviennent sur les travaux d'isolation de toiture ou de fixation de tuyaux, goutti\u00e8res ou bacs acier pour l'\u00e9vacuation des eaux pluviales.<\/p>\n<p>La soci\u00e9t\u00e9 GT Couvertures travaille avec une <strong>garantie d\u00e9cennale<\/strong>.<\/p>\n<p>Elle poss\u00e8de \u00e9galement la certification <strong>RGE<\/strong>.<\/p>\n<p>Nos locaux situ\u00e9s \u00e0<strong> <a href=\"http:\/\/gt-couvertures.com\/index.php\/contact\">Mazingarbe<\/a><\/strong> (<strong>Pas-de-Calais<\/strong>) nous permettent d'intervenir dans un rayon de 80km : Bully les Mines, Sains en Gohelle, Labourse, Vermelles, Hersin Coupigny, B\u00e9thune, Beuvry, Souchez,...<\/p>\n<\/div>\n<\/div><\/div><\/div><\/div><div id=\"pg-873-1\"  class=\"panel-grid panel-no-style\" ><div id=\"pgc-873-1-0\"  class=\"panel-grid-cell\" ><div id=\"panel-873-1-0-0\" class=\"so-panel widget widget_media_image panel-first-child panel-last-child\" data-index=\"1\" ><img width=\"300\" height=\"225\" src=\"https:\/\/gt-couvertures.com\/wp-content\/uploads\/2023\/07\/depot-facade-1-300x225.jpg\" class=\"image wp-image-1069  attachment-medium size-medium\" alt=\"\" loading=\"lazy\" style=\"max-width: 100%; height: auto;\" srcset=\"https:\/\/gt-couvertures.com\/wp-content\/uploads\/2023\/07\/depot-facade-1-300x225.jpg 300w, https:\/\/gt-couvertures.com\/wp-content\/uploads\/2023\/07\/depot-facade-1-1024x768.jpg 1024w, https:\/\/gt-couvertures.com\/wp-content\/uploads\/2023\/07\/depot-facade-1-768x576.jpg 768w, https:\/\/gt-couvertures.com\/wp-content\/uploads\/2023\/07\/depot-facade-1-1536x1152.jpg 1536w\" sizes=\"(max-width: 300px) 100vw, 300px\" \/><\/div><\/div><div id=\"pgc-873-1-1\"  class=\"panel-grid-cell\" ><div id=\"panel-873-1-1-0\" class=\"so-panel widget widget_widget_contact_info widget_contact_info panel-first-child panel-last-child\" data-index=\"2\" ><h3 class=\"widget-title\">GT COUVERTURES<\/h3><div class=\"confit-address\"><a href=\"https:\/\/maps.google.com\/maps?z=16&#038;q=3bis+rue+raymond+dupuich+62670+mazingarbe\" target=\"_blank\">3bis Rue Raymond Dupuich<br\/>62670 MAZINGARBE<\/a><\/div><div class=\"confit-phone\">03 21 29 02 02<\/div><div class=\"confit-email\"><a href=\"mailto:gt.couvertures@orange.fr\">gt.couvertures@orange.fr<\/a><\/div><div class=\"confit-hours\">Du lundi au vendredi de 8h \u00e0 17h<\/div><\/div><\/div><div id=\"pgc-873-1-2\"  class=\"panel-grid-cell\" ><div id=\"panel-873-1-2-0\" class=\"so-panel widget widget_media_image panel-first-child panel-last-child\" data-index=\"3\" ><img width=\"300\" height=\"225\" src=\"https:\/\/gt-couvertures.com\/wp-content\/uploads\/2021\/10\/20211001_105641-300x225.jpg\" class=\"image wp-image-988  attachment-medium size-medium\" alt=\"\" loading=\"lazy\" style=\"max-width: 100%; height: auto;\" srcset=\"https:\/\/gt-couvertures.com\/wp-content\/uploads\/2021\/10\/20211001_105641-300x225.jpg 300w, https:\/\/gt-couvertures.com\/wp-content\/uploads\/2021\/10\/20211001_105641-768x576.jpg 768w, https:\/\/gt-couvertures.com\/wp-content\/uploads\/2021\/10\/20211001_105641-1024x768.jpg 1024w\" sizes=\"(max-width: 300px) 100vw, 300px\" \/><\/div><\/div><\/div><\/div>","protected":false},"excerpt":{"rendered":"<p>Les couvreurs sont parfaitement \u00e0 l&rsquo;aise avec les mat\u00e9riaux tels que l&rsquo;ardoise, les tuiles, le zinc, les t\u00f4les,&#8230; D&rsquo;autre part, les zingueurs g\u00e8rent la pose de ch\u00e9neaux et le raccordement des \u00e9l\u00e9ments de la toiture. Ils ma\u00eetrisent les proc\u00e9d\u00e9s de &hellip; <a href=\"https:\/\/gt-couvertures.com\/index.php\/lentreprise\/\">Lire la suite\u00ad\u00ad<\/a><\/p>\n","protected":false},"author":1,"featured_media":0,"parent":0,"menu_order":0,"comment_status":"closed","ping_status":"closed","template":"","meta":[],"_links":{"self":[{"href":"https:\/\/gt-couvertures.com\/index.php\/wp-json\/wp\/v2\/pages\/873"}],"collection":[{"href":"https:\/\/gt-couvertures.com\/index.php\/wp-json\/wp\/v2\/pages"}],"about":[{"href":"https:\/\/gt-couvertures.com\/index.php\/wp-json\/wp\/v2\/types\/page"}],"author":[{"embeddable":true,"href":"https:\/\/gt-couvertures.com\/index.php\/wp-json\/wp\/v2\/users\/1"}],"replies":[{"embeddable":true,"href":"https:\/\/gt-couvertures.com\/index.php\/wp-json\/wp\/v2\/comments?post=873"}],"version-history":[{"count":22,"href":"https:\/\/gt-couvertures.com\/index.php\/wp-json\/wp\/v2\/pages\/873\/revisions"}],"predecessor-version":[{"id":894,"href":"https:\/\/gt-couvertures.com\/index.php\/wp-json\/wp\/v2\/pages\/873\/revisions\/894"}],"wp:attachment":[{"href":"https:\/\/gt-couvertures.com\/index.php\/wp-json\/wp\/v2\/media?parent=873"}],"curies":[{"name":"wp","href":"https:\/\/api.w.org\/{rel}","templated":true}]}}